21017 = 11*v + 5595. What are the prime factors of v?
2, 701
Let b(o) = 21*o**2 + 7*o + 30. Let x be b(-6). Suppose -13*y + x = -10*y. What are the prime factors of y?
2, 31
List the prime factors of (-1360)/(-102)*(-1074)/(-4).
2, 5, 179
Let n(g) = 7*g**3 + 2*g**2 - 20*g + 7. List the prime factors of n(7).
2, 7, 13
Let v be (-12)/(5/((-45)/6)). List the prime factors of 119 + ((-27)/v)/((-1)/2).
2, 61
Let v(w) = -w + 5. Let m be v(7). Let y be m + -1 - 10/(-2). Suppose o = -5*s + 51, 2*o - 1 - y = -s. List the prime factors of s.
11
Suppose 2*k = -6*k - 960. Let b = k + 303. List the prime factors of b.
3, 61
Suppose 8*x - 712 = 2944. Suppose -4*c + w = -x, -3*c - 3*w - 65 = -389. List the prime factors of c.
113
Suppose 2*z - 4*q + 486 = 5*z, 0 = z + 2*q - 160. What are the prime factors of z?
2, 83
Suppose -17*y + 13*y = -16. Suppose 116 = y*f - 20. List the prime factors of f.
2, 17
Suppose -3*r - r + 32 = 0. Suppose -4*a + 14 = 3*o - 6, 4*o - 4*a - r = 0. Suppose 0*f = -2*f + o. List the prime factors of f.
2
Suppose 0 = 4*r - 232 - 84. Suppose 2*g = 27 + r. Let l = g - 28. What are the prime factors of l?
5
List the prime factors of -2 + (-7)/(-4) - (-3337)/4.
2, 3, 139
Let z be (-3 + 6 + -2)*5. Suppose z*b - 552 = b. Suppose 0 = -5*f + v - 3*v + b, 80 = 3*f + 4*v. List the prime factors of f.
2, 7
Suppose 2*j + 36 = 8*j. What are the prime factors of (46 - j)/(0 + 1)?
2, 5
Let f(m) = 7*m - 18. What are the prime factors of f(11)?
59
Let g be 5/(0 - 5)*934/(-2). Let q = g - 202. What are the prime factors of q?
5, 53
Let f(y) = -8*y + 339. What are the prime factors of f(18)?
3, 5, 13
Let o(i) = 3*i - 15. Let b be o(6). Suppose p + 3*p + b*x = -3, 0 = -3*p - 5*x - 16. List the prime factors of (-5 + 6)*p*8.
2, 3
Let h be (-6 + 5)*0/(-1). Suppose 2*x + 4 - 10 = h. List the prime factors of (7/2 - x)*8.
2
Let k be ((-22)/8)/(2/(-8)). Let t = 42 - k. List the prime factors of t.
31
Let q = 34 - 25. Let j = -9 + q. Suppose 0 = 3*v - 2*x - 148, j*v - x = -v + 49. What are the prime factors of v?
2, 5
Suppose 4*s - 2356 = -5*a + 2089, 0 = -5*s - 2*a + 5535. What are the prime factors of s?
5, 13, 17
Let b = 353 - 264. What are the prime factors of b?
89
Suppose 0 = h - 0*h - 2*k - 755, 5*k = -h + 720. What are the prime factors of h?
5, 149
Suppose 3*u + 4*w = 8 + 33, -5*w = -10. Suppose -7 = t - u. Suppose t*z - 26 = 22. List the prime factors of z.
2, 3
Let r = -115 + 91. Let m = 139 + r. List the prime factors of m.
5, 23
Let l be 2/(-7)*(-30 + 23). Suppose 0 = -l*k + 27 + 89. List the prime factors of k.
2, 29
Suppose 0 = -2*m + 2 + 2. Let x be (2/m)/(3/33). Let j = x - -15. List the prime factors of j.
2, 13
Suppose 2*s + 3 = -9. Let a be (-3)/(-6)*s + 3. Let l = a - -23. What are the prime factors of l?
23
Suppose 295 = -14*o + 3613. What are the prime factors of o?
3, 79
Let o = -350 - -2943. List the prime factors of o.
2593
Suppose 7*z - 5*z - 5*i = 667, -2*z - 3*i + 675 = 0. Suppose -2*j = -3*c - z, 0*j - 3*c + 336 = 2*j. What are the prime factors of j?
2, 3, 7
Let k = -28 - -36. Suppose 2*b - 10 = 86. Suppose 0 = -4*z + k*z - b. What are the prime factors of z?
2, 3
Let n = 2413 - 718. Suppose n + 285 = 10*v. List the prime factors of v.
2, 3, 11
Suppose -85 - 67 = -r - 5*n, -5*r = -2*n - 706. What are the prime factors of r?
2, 71
Suppose -t + 5*g = -3*t + 24, -t = -4*g + 14. Suppose t - 330 = -2*b. List the prime factors of b.
2, 41
Let x(b) = 6*b**3 - b**2 - 4*b + 9. Let n(z) = 7*z**3 - 5*z + 10. Let i(m) = -3*n(m) + 4*x(m). What are the prime factors of i(4)?
2, 5, 13
Suppose -23*w = 8*w - 9517. List the prime factors of w.
307
Let j(u) = 354*u - 533. List the prime factors of j(7).
5, 389
Suppose 9 = -2*g + i - 3, -i = 3*g + 23. What are the prime factors of 9/(-2)*(g + (-6)/(-18))?
2, 3, 5
Suppose 7*u + 7426 - 27670 = 0. What are the prime factors of u?
2, 3, 241
Suppose 5*x + 3*k = 66, -2*k + 3*k - 50 = -4*x. Suppose x = 4*n, 3*n - 7 = -i + 3. List the prime factors of (i - (-2)/(-4))*90.
3, 5
Let w(j) = -j**3 + 4*j**2 + 3*j - 1. Let s be w(5). Let h = -12 - s. Let x(y) = 14*y**2 - y. List the prime factors of x(h).
3, 5
Suppose 6284 = 6*z - 5254. What are the prime factors of z?
3, 641
Suppose 1076 + 3576 = 4*b. List the prime factors of b.
1163
Suppose -220332 = -67*j - 43117. List the prime factors of j.
5, 23
Let q = 4092 - 2736. What are the prime factors of q?
2, 3, 113
Let g(r) = 12*r**3 + 5*r**2 - 2*r. Let y be g(2). Suppose 0 = 4*q - w - y, -4*w - 21 = -q + 7. What are the prime factors of q?
2, 7
What are the prime factors of 6694479/1386 + (-1)/14?
2, 3, 5, 7, 23
Let f = 5 + -1. Let a be -3 + f - (0 - -1). Suppose a = 4*y - 56 - 36. List the prime factors of y.
23
Suppose -2*w = -2*m + 1582, 1012 = 2*m + 3*w - 570. What are the prime factors of m?
7, 113
Suppose 0 = -k - 2*k - 5*c + 70, -5*k + 2*c = -158. Suppose 0 = -0*j - 5*j - k. What are the prime factors of (j/12)/((-2)/124)?
31
Suppose 4*c - 2*i - 852 = 990, 5*i - 1821 = -4*c. List the prime factors of c.
3, 17
Suppose -5*t = -5, 136 = -3*w + t - 3*t. Let z be 4/3*(-39)/2. Let j = z - w. List the prime factors of j.
2, 5
Suppose 0*l - 8 = l. Let c(v) be the second derivative of -v**3/2 + v**2 + 17*v. List the prime factors of c(l).
2, 13
Let r(i) = -73*i + 521. List the prime factors of r(-5).
2, 443
Let l = -32 - -4. List the prime factors of (l + 22)/((-3)/28).
2, 7
Let b(a) = 216*a - 99. List the prime factors of b(8).
3, 181
Suppose 0 = 100*g - 89*g - 24981. List the prime factors of g.
3, 757
Suppose -9 = -4*f - 1. Let j(h) = -63*h - 5. Let q(x) = 42*x + 3. Let y(u) = 5*j(u) + 8*q(u). List the prime factors of y(f).
41
Let v be 2*(1 + 2/4). Suppose 3*g = 4*l - 208, 0 = v*g - g - 8. List the prime factors of l.
5, 11
Let f be -2 + (-47 - -4 - -2). Let c = -17 - f. What are the prime factors of c?
2, 13
Suppose -1 = -5*r - 2*f + 3, -2*r = 4*f + 8. Suppose -r*p = 2, 2*q + 3*p + 5 = 3*q. What are the prime factors of (q/(-3))/(2/(-81))?
3
Let o(u) = u**3 + 7*u**2 - 5*u - 8. Let v = -1 + 6. Suppose -3*y + 19 = -5*x + 4*x, 0 = -2*x - v*y + 6. List the prime factors of o(x).
3
Let m = -38 + 41. Let q(k) = m + k + 3*k + k + 2*k**2. List the prime factors of q(-5).
2, 7
Suppose 0 = -0*t + 8*t - 3336. What are the prime factors of t?
3, 139
Let l(r) = -r**3 - 9*r**2 - 5*r - 9. Let f(h) = h**2 + h + 1. Let i(c) = 6*f(c) + l(c). Let x be i(-3). Let y = x + 39. What are the prime factors of y?
3, 11
Let p(g) = 74*g**3 + g**2 - 1. Let w(z) be the first derivative of z**2/2 + 10*z + 7. Let s be w(-9). What are the prime factors of p(s)?
2, 37
Let s(f) = 4*f**3 + f**2 + 2*f - 2. Let t be s(1). Suppose -4*m = -t*m + 75. What are the prime factors of m?
3, 5
Suppose -j - 32 = -5*j. Let i be 3/12 + (-50)/j. What are the prime factors of (20/i)/(4/(-18))?
3, 5
Let v(b) be the first derivative of b**3 + b**2/2 + 5*b + 5. Let g be v(-6). Suppose 0 = 3*f + 35 - g. What are the prime factors of f?
2, 3
Let x(v) be the third derivative of -v**6/60 - v**4/12 - 7*v**3/6 + 4*v**2. Let k be x(-4). Let u = k - 80. List the prime factors of u.
7
Suppose -7*k = -6*k - 84. What are the prime factors of 6/9*k + -1?
5, 11
Suppose -3 = -i, 2 - 17 = -o + 3*i. Suppose 4*g - 4 = o. Suppose -g*t = -3*t - 52. List the prime factors of t.
13
Let j be (88/(-33))/(1/(-3)). Let r(s) = s**2 - j + 6 + 3*s - s. List the prime factors of r(2).
2, 3
Let j(o) = -o**3 + 30*o**2 + 40*o - 75. List the prime factors of j(30).
3, 5
List the prime factors of ((-2760)/(-10))/((2 - 6) + 6).
2, 3, 23
Let v(b) = 4*b**2 + 12*b - 2. Suppose 0 = 7*q - 5*q + 10. List the prime factors of v(q).
2, 19
Let q(w) = w**2 + 10*w + 24. Let j be q(-7). Let b = -19 + 59. Suppose -j*i + b = 2*i. What are the prime factors of i?
2
Let b(i) = -5*i + 4. Let x(u) = -u + 1. Let h(v) = 3*b(v) - 6*x(v). What are the prime factors of h(-2)?
2, 3
Let z(v) = 2*v + 44. Let y be z(0). Suppose 3*x + 3*c = 39, 5*x - c = c + y. Suppose -3*g + 6 = -3*h + 141, x = -2*g. List the prime factors of h.
2, 5
Let f(z) = 2*z - 7. Let u(s) = -s + 6. Let y(t) = -5*f(t) - 6*u(t). Let r(a) = -9*a - 3. Let o(m) = -2*r(m) + 5*y(m). List the prime factors of o(-3).
7
Suppose 4*p - 926 = -3*m, 2*m - 2*p - 618 = -4*p. What are the prime factors of m?
2, 